mon factor of z and i?
5
Let h be 22/44 - 3/(-2) - (-6 - 456). Calculate the highest common factor of 24 and h.
8
Let s(g) = -8*g - 41. Let q be s(-4). Let k be ((-14)/(-63))/((-1)/q). Calculate the greatest common factor of k and 36.
2
Let g be 5*1 - (-9 + 9). Let l = 775 + -773. Suppose -s - 3*w + l = -g*s, -2*s - 8 = -5*w. Calculate the highest common factor of s and 1.
1
Let p(z) = -18*z - 58. Let i be p(-7). Let m = i + -58. Suppose 5*x = -5*j, 2*x + 1 + 1 = -3*j. Calculate the highest common factor of x and m.
2
Let g be (-9)/2*(-7 - (11 + 268)). What is the greatest common factor of 198 and g?
99
Suppose 0 = 7*r + 114 - 394. Let p = r + -92. Let f = 44 - p. What is the greatest common divisor of f and 24?
24
Suppose 0 = 221*i - 1399556 - 457065. What is the greatest common divisor of i and 62?
31
Suppose 5066 + 9134 = -71*l. Let b = -195 - l. Suppose 4*y - 25 + 5 = 0. What is the greatest common factor of y and b?
5
Suppose -5*h = -2*r - 8, h + 5*r - 11 = -4. Suppose 0 = 4*x - 3*n - 84, 3*x = -h*n - 0*n + 46. Calculate the highest common factor of x and 2.
2
Let h(x) = 16*x - 460. Let d be h(30). Calculate the greatest common factor of 5010 and d.
10
Let b = 395 - 390. Let x be ((-2)/(-5))/((-2)/(-10)). Suppose 7*t - x*t - 75 = 0. What is the highest common divisor of t and b?
5
Suppose 4*y - 24662 = 5*c, -c = 5*y - 11642 - 19200. Calculate the highest common factor of y and 96.
24
Suppose 4*z - 7*z - 2*b + 7 = 0, -4*z - 2*b = -10. Let t(g) = -4*g**2 + 42*g - 3. Let v be t(z). Calculate the greatest common factor of v and 6.
3
Let r = 115 - 101. Let n be -2 + 24/r + (-8094)/(-399). What is the highest common factor of 20 and n?
20
Let o(p) = p**2 - 12*p + 47. Let h be o(0). Let y = -17 + h. What is the highest common divisor of y and 50?
10
Let t = -119 + 256. Suppose -5*n + t = 3*k, -8 = -3*k + 4. What is the highest common factor of n and 10?
5
Suppose -207 = p - 3*f, p - f + 274 - 61 = 0. Let t = p - -221. Let u be (5/(-2))/((-1)/14). What is the highest common factor of t and u?
5
Let j = 25657 + -25153. What is the greatest common divisor of j and 1960?
56
Suppose -219*v = -143*v - 5320. Let z = 77 - 37. Calculate the greatest common factor of v and z.
10
Suppose -4*c = 43*s - 40*s - 13013, -2*s = c - 8672. Calculate the greatest common factor of 15 and s.
15
Let b = 9261 + -8988. Calculate the highest common factor of 3185 and b.
91
Let q = -5084 + 5180. What is the highest common factor of q and 180?
12
Let z(o) = 9*o**2 - o**3 - 2 - o + 2*o**3 + 11. Let g be z(-5). Let p = -128 + 204. Calculate the highest common divisor of p and g.
38
Let i = 120 + -120. Suppose -12*f - 13*f + 3375 = i. Calculate the highest common divisor of 5 and f.
5
Let h = 5080 - -838. Calculate the highest common factor of h and 44.
22
Suppose -17*c - 34 - 153 = 0. Let f be 18*(4/6 - c/(-33)). Calculate the highest common factor of f and 222.
6
Let x(a) = 7*a**2 + 5*a + 2. Let j be x(-4). Suppose 3*n = -j + 394. What is the greatest common factor of 25 and n?
25
Suppose -25*n - 5*n = -3154 - 2126. Let p(w) = -20*w - 6. Let y be p(-4). Let m = -52 + y. Calculate the greatest common divisor of n and m.
22
Let t = -175 - -243. Let d(k) = -19 - 4*k - 19 - 9 + 1. Let c be d(-20). Calculate the greatest common divisor of t and c.
34
Suppose 5*m + 225 - 830 = 0. Suppose -167 - 612 = -41*g. Suppose -3*f - g*f = -484. Calculate the greatest common factor of f and m.
11
Let f(r) = r**3 - 143*r**2 + 3222*r - 153. Let c be f(115). Calculate the highest common divisor of 217 and c.
7
Let z be (-3*(-2)/(-10))/(2/(-30)). Let s be (-2 - 0)*(-1 - 0). Suppose -5*m + b + 247 = -s*m, -154 = -2*m - 2*b. What is the greatest common factor of m and z?
9
Suppose 0 = -5*n + 4*v - 0 + 10, -2*v - 18 = 4*n. Let t(x) = 3*x**2 - 2*x - 1. Let q be t(n). Calculate the highest common divisor of 25 and q.
5
Suppose -81 = 6*b - 9*b + g, 0 = 2*b - 5*g - 41. Calculate the highest common factor of b and 48.
4
Let v = 788 - 338. Let j(c) = c**3 - 7*c**2 - 13*c + 58. Let x be j(8). What is the highest common divisor of v and x?
18
Let w be 18/(((-24)/84)/((-20)/21)). Suppose 5*b = 3*m - 164, -8*m + 11*m + b - 140 = 0. Calculate the greatest common factor of m and w.
12
Suppose c - 35 = d + 1492, -d = -2*c + 3053. What is the greatest common divisor of c and 70?
14
Let g = 85 + -51. Suppose 2*c + g = 4*c. Suppose -3*p = -12*p + 1377. Calculate the greatest common divisor of p and c.
17
Suppose 3 = -3*n + 12. Suppose w + 0*w - 4*c = 29, n*c - 53 = -5*w. Calculate the highest common divisor of w and 351.
13
Let k = 335 - 313. Let a = 28 - k. Suppose 5*f - 24 - 7 = -x, -14 = -4*x + 2*f. What is the greatest common factor of x and a?
6
Let p = -89752 + 89848. Suppose v - 3*b = 3*v - 297, 3*v - 444 = -4*b. What is the highest common divisor of p and v?
48
Let n(y) = y**2 - 148*y - 446. Let j be n(-3). Calculate the highest common divisor of j and 2429.
7
Let h be 1/((-6)/(-220))*3. Let o(i) = i**3 - i**2 + 3*i. Let u be o(6). Suppose 4*y + 5*y = u. What is the highest common divisor of h and y?
22
Suppose 2*k + 4*s = 328, -2*k - 3*s - 807 = -7*k. Suppose -224 = -36*i + 57 + 151. Calculate the greatest common factor of i and k.
6
Let y(d) = d**3 + 17*d**2 - 38*d - 486. Let n be y(-17). What is the greatest common factor of 2144 and n?
32
Let m = 171 + -90. Let f = 375 - 376. Let c(s) = -48*s + 6. Let l be c(f). Calculate the greatest common factor of m and l.
27
Let o(h) = h**2 + 38*h + 240. Let l be o(-30). Suppose 13*j - 785 + 317 = l. Let t = 7 + 2. Calculate the highest common factor of j and t.
9
Let g = -224 + 230. Let u(r) = -r**2 + 20*r - 17. Let o be u(19). Calculate the greatest common factor of g and o.
2
Suppose -37*k = -5352 - 6821. Let t be 57 + -6 - (1 + 3). Calculate the highest common divisor of k and t.
47
Let c be (-7)/1 - (-851)/46*100. What is the greatest common factor of c and 19?
19
Let d(i) = i**2 + 23*i - 6. Let g be d(-23). Let m(h) = -19*h - 16. Let t be m(g). Suppose -x + 0*x + 14 = 0. What is the highest common divisor of t and x?
14
Suppose -7 = -u + 4*u - 4*v, -2*v = u + 9. Let s(z) = 2*z + 11*z**2 - 2 + 2*z**3 - 3 - 6. Let m be s(u). What is the greatest common factor of m and 16?
4
Suppose 245*u + 98*u = 77238 + 10227. Suppose 0*q - 153 = -q. What is the greatest common divisor of u and q?
51
Suppose 606 = 3*c + 588. Suppose 6*n - 168 = -c*n. What is the highest common factor of n and 21?
7
Let n = 3923 + -2344. Let b = n + -991. Calculate the greatest common factor of b and 12.
12
Let m(b) = -b + 7. Let z be m(8). Let h be (-6)/2 - (-39 - z). Let r(l) = -2*l**2 + 17*l + 107. Let i be r(-4). Calculate the highest common factor of h and i.
7
Suppose 3*c - 20 = 10. Suppose 34*i - 21 = 55*i. Let j be i/6 - 78/(-36). What is the greatest common divisor of c and j?
2
Let x be (-3480)/16*(1 - 5). Let q be (-6)/9 - x/(-9). Let m be 361/30 - (-50)/(-1500). What is the greatest common divisor of m and q?
12
Suppose -7*t + 12*t - 4*y = 348, -3*y - 142 = -2*t. Let z be ((-153)/t)/((-3)/12). Calculate the greatest common factor of z and 27.
9
Let w(n) = n**2 - 10*n - 347. Let d be w(51). Calculate the greatest common factor of 32 and d.
16
Let z(r) = -25*r + 684. Let p be z(20). Calculate the greatest common divisor of p and 1817.
23
Let y(a) = 14*a**3 - 2*a**2 - 3*a + 1. Let l be y(3). What is the highest common factor of l and 1496?
88
Let g(p) = p**2 + 10*p - 8. Suppose 0 = 28*n - 25*n + 33. Let l be g(n). What is the highest common divisor of 27 and l?
3
Suppose 8*h - 363 = 7*h. Calculate the greatest common divisor of 33 and h.
33
Let k be 0 - ((6 - 8) + (-1 - 0)). Suppose 2*t = 13 + 1. Let u be 52*(t/10 + k/(-15)). What is the greatest common factor of u and 208?
26
Let l be -5*(-26)/(-260) - -2*(-29)/(-4). Calculate the greatest common factor of l and 128.
2
Let w(k) = -3*k**3 + 2*k**2 + 20*k - 18. Let n be w(7). Let j = 815 + n. What is the greatest common divisor of 780 and j?
6
Let q(y) = -y**2 + 3*y - 13. Let v(d) = -2*d + 14. Let a(u) = -4*q(u) - 3*v(u). Let m be a(3). What is the greatest common divisor of 98 and m?
14
Let u(c) = 2*c**2 - 28*c + 26. Let x be u(13). Let z(s) = -2 - 6 + 6 + x - 46*s. Let p be z(-2). What is the highest common divisor of p and 10?
